 factors of 489?
3, 163
List the prime factors of 6184.
2, 773
What are the prime factors of 1344?
2, 3, 7
List the prime factors of 4642.
2, 11, 211
What are the prime factors of 759?
3, 11, 23
What are the prime factors of 53303?
151, 353
What are the prime factors of 2376?
2, 3, 11
List the prime factors of 967.
967
List the prime factors of 701.
701
List the prime factors of 2730.
2, 3, 5, 7, 13
List the prime factors of 2336.
2, 73
What are the prime factors of 41294?
2, 11, 1877
What are the prime factors of 113?
113
List the prime factors of 1229.
1229
What are the prime factors of 38001?
3, 53, 239
List the prime factors of 69.
3, 23
What are the prime factors of 6822?
2, 3, 379
What are the prime factors of 266?
2, 7, 19
What are the prime factors of 5177?
31, 167
List the prime factors of 74699.
74699
What are the prime factors of 1070?
2, 5, 107
List the prime factors of 6367.
6367
List the prime factors of 692.
2, 173
List the prime factors of 1623.
3, 541
List the prime factors of 31591.
7, 4513
List the prime factors of 3024.
2, 3, 7
List the prime factors of 2368.
2, 37
What are the prime factors of 787?
787
What are the prime factors of 16045?
5, 3209
What are the prime factors of 77303?
23, 3361
What are the prime factors of 85094?
2, 157, 271
List the prime factors of 873.
3, 97
List the prime factors of 2096.
2, 131
What are the prime factors of 1809?
3, 67
What are the prime factors of 7001?
7001
What are the prime factors of 3691?
3691
What are the prime factors of 2078?
2, 1039
List the prime factors of 38614.
2, 43, 449
What are the prime factors of 2412?
2, 3, 67
List the prime factors of 34783.
7, 4969
List the prime factors of 4500.
2, 3, 5
What are the prime factors of 26169?
3, 11, 13, 61
What are the prime factors of 1790?
2, 5, 179
What are the prime factors of 1876?
2, 7, 67
What are the prime factors of 29?
29
What are the prime factors of 44801?
71, 631
List the prime factors of 14261.
13, 1097
What are the prime factors of 346?
2, 173
What are the prime factors of 44119?
44119
What are the prime factors of 5405?
5, 23, 47
List the prime factors of 23515.
5, 4703
List the prime factors of 3377.
11, 307
What are the prime factors of 543?
3, 181
List the prime factors of 52038.
2, 3, 7, 59
What are the prime factors of 307?
307
What are the prime factors of 14003?
11, 19, 67
What are the prime factors of 56558?
2, 28279
List the prime factors of 514.
2, 257
List the prime factors of 15972.
2, 3, 11
What are the prime factors of 4204?
2, 1051
List the prime factors of 367.
367
What are the prime factors of 191?
191
What are the prime factors of 10284?
2, 3, 857
List the prime factors of 6445.
5, 1289
List the prime factors of 1462.
2, 17, 43
What are the prime factors of 1865?
5, 373
List the prime factors of 1273.
19, 67
List the prime factors of 757.
757
List the prime factors of 773.
773
List the prime factors of 2606.
2, 1303
List the prime factors of 1528.
2, 191
What are the prime factors of 11880?
2, 3, 5, 11
List the prime factors of 33311.
33311
List the prime factors of 4789.
4789
List the prime factors of 308.
2, 7, 11
What are the prime factors of 5707?
13, 439
What are the prime factors of 4370?
2, 5, 19, 23
List the prime factors of 867.
3, 17
What are the prime factors of 49131?
3, 53, 103
List the prime factors of 36121.
41, 881
List the prime factors of 1126.
2, 563
What are the prime factors of 64619?
19, 179
List the prime factors of 11172.
2, 3, 7, 19
List the prime factors of 9435.
3, 5, 17, 37
List the prime factors of 25258.
2, 73, 173
What are the prime factors of 1152?
2, 3
What are the prime factors of 175735?
5, 7, 5021
List the prime factors of 1607.
1607
List the prime factors of 326.
2, 163
What are the prime factors of 22760?
2, 5, 569
What are the prime factors of 884?
2, 13, 17
List the prime factors of 4962.
2, 3, 827
What are the prime factors of 29432?
2, 13, 283
List the prime factors of 12779.
13, 983
List the prime factors of 53443.
13, 4111
List the prime factors of 15675.
3, 5, 11, 19
What are the prime factors of 1489?
1489
List the prime factors of 2339.
2339
List the prime factors of 17680.
2, 5, 13, 17
What are the prime factors of 2516?
2, 17, 37
List the prime factors of 43516.
2, 11, 23, 43
What are the prime factors of 70516?
2, 17, 61
List the prime factors of 195208.
2, 13, 1877
List the prime factors of 393.
3, 131
List the prime factors of 780.
2, 3, 5, 13
List the prime factors of 27152.
2, 1697
What are the prime factors of 22019?
97, 227
List the prime factors of 80280.
2, 3, 5, 223
List the prime factors of 570.
2, 3, 5, 19
List the prime factors of 12955.
5, 2591
List the prime factors of 5974.
2, 29, 103
What are the prime factors of 1094?
2, 547
List the prime factors of 49576.
2, 6197
What are the prime factors of 1206?
2, 3, 67
What are the prime factors of 1850?
2, 5, 37
List the prime factors of 363.
3, 11
What are the prime factors of 747?
3, 83
What are the prime factors of 85834?
2, 7, 6131
List the prime factors of 451.
11, 41
List the prime factors of 4370.
2, 5, 19, 23
List the prime factors of 1673.
7, 239
What are the prime factors of 3391?
3391
What are the prime factors of 25108?
2, 6277
List the prime factors of 8435.
5, 7, 241
What are the prime factors of 50049?
3, 67, 83
What are the prime factors of 3393?
3, 13, 29
What are the prime factors of 39062?
2, 19531
What are the prime factors of 6844?
2, 29, 59
What are the prime factors of 16929?
3, 11, 19
List the prime factors of 9106.
2, 29, 157
List the prime factors of 213.
3, 71
List the prime factors of 21264.
2, 3, 443
What are the prime factors of 13398?
2, 3, 7, 11, 29
What are the prime factors of 10406?
2, 11, 43
List the prime factors of 2567.
17, 151
List the prime factors of 25136.
2, 1571
List the prime factors of 625.
5
What are the prime factors of 3326?
2, 1663
List the prime factors of 31255.
5, 7, 19, 47
List the prime factors of 61133.
113, 541
List the prime factors of 309.
3, 103
What are the prime factors of 5757?
3, 19, 101
What are the prime factors of 8715?
3, 5, 7, 83
List the prime factors of 9272.
2, 19, 61
What are the prime factors of 1132?
2, 283
What are the prime factors of 85343?
31, 2753
What are the prime factors of 1215?
3, 5
What are the prime factors of 12430?
2, 5, 11, 113
List the prime factors of 1165.
5, 233
List the prime factors of 13108.
2, 29, 113
What are the prime factors of 1447?
1447
List the prime factors of 7546.
2, 7, 11
List the prime factors of 886.
2, 443
List the prime factors of 3655.
5, 17, 43
What are the prime factors of 1569?
3, 523
What are the prime factors of 11262?
2, 3, 1877
What are the prime factors of 1619?
1619
List the prime factors of 16500.
2, 3, 5, 11
List the prime factors of 19791.
3, 733
What are the prime factors of 1644?
2, 3, 137
List the prime factors of 1924.
2, 13, 37
List the prime factors of 23169.
3, 7723
What are the prime factors of 39211?
113, 347
What are the prime factors of 1476?
2, 3, 41
List the prime factors of 11751.
3, 3917
What are the prime factors of 29796?
2, 3, 13, 191
What are the prime factors of 730?
2, 5, 73
List the prime factors of 8907.
3, 2969
List the prime factors of 133305.
3, 5, 8887
List the prime factors of 593.
593
What are the prime factors of 4410?
2, 3, 5, 7
List the prime factors of 122856.
2, 3, 5119
What are the prime factors of 23492?
2, 7, 839
What are the prime factors of 6454?
2, 7, 461
What are the prime factors of 7114?
2, 3557
What are the prime factors of 3874?
2, 13, 149
List the prime factors of 12331.
11, 19, 59
What are the prime factors of 6039?
3, 11, 61
List the prime factors of 514.
2, 257
What are the prime factors of 91662?
2, 3, 15277
List the prime factors of 6935.
5, 19, 73
What are the prime factors of 3387?
3, 1129
What are the prime factors of 4397?
4397
What are the prime factors of 23998?
2, 13, 71
What are the prime factors of 1168?
2, 73
List the prime factors of 1280.
2, 5
What are the prime factors of 4104?
2, 3, 19
List the prime factors of 30959.
83, 373
What are the prime factors of 7102?
2, 53, 67
List the prime factors of 137.
137
List the prime factors of 19324.
2, 4831
What are the prime factors of 70051?
70051
What are the 